{"id":767,"date":"2023-05-15T15:19:56","date_gmt":"2023-05-15T13:19:56","guid":{"rendered":"https:\/\/rajurwisa.nazwa.pl\/lasergame\/lasergame_nowa_strona\/?page_id=767"},"modified":"2023-06-24T12:00:51","modified_gmt":"2023-06-24T10:00:51","slug":"discovr","status":"publish","type":"page","link":"https:\/\/lasergame.com.pl\/lasergame_nowa_strona\/discovr\/","title":{"rendered":"Disco :VR"},"content":{"rendered":"<section class=\"wpb-content-wrapper\">[vc_row enable_container=&#8221;st2&#8243; enable_full_height_sec=&#8221;st2&#8243; section_back_opt=&#8221;dark-bg-1&#8243; sec_text_color_opt=&#8221;text-color-5&#8243;][vc_column][vc_row_inner][vc_column_inner][wr_vc_titles title_style=&#8221;large-title&#8221; padding_bottom=&#8221;bottom-padding-30&#8243;][wr_vc_title title=&#8221;Witamy w \u015bwiecie Disco :VR&#8221; animation_delay=&#8221;01&#8243;][\/wr_vc_titles][wr_vc_titles padding_bottom=&#8221;bottom-padding-30&#8243;][wr_vc_title title=&#8221;Informacje og\u00f3lne&#8221; animation_delay=&#8221;01&#8243;][\/wr_vc_titles][\/vc_column_inner][\/vc_row_inner][vc_row_inner][vc_column_inner]<div data-animation-container><div data-animation-child class=\"p-style-medium text-color-5 text-left xen-textblock pull-left fade-anim-box tr-delay02\" data-animation=\"fade-anim\">\n<p style=\"text-align: center;\">To technologia dzi\u0119ki kt\u00f3rej przeniesiesz si\u0119 do Wirtualnej Rzeczywisto\u015bci.<br \/>\nJest to nowa formy rozrywki rodem z film\u00f3w i ksi\u0105\u017cek science-fiction.<\/p>\n<p style=\"text-align: center;\">Najnowocze\u015bniejsza technologia i sprz\u0119t dost\u0119pne na rynku to wst\u0119p do cyber\u015bwiata.<br \/>\nGry i aplikacje pozwol\u0105 Ci przenie\u015b\u0107 si\u0119 do \u015bwiata przysz\u0142o\u015bci. Mo\u017cesz p\u0142ywa\u0107 w g\u0142\u0119binach oceanu, uda\u0107 si\u0119 na wypraw\u0119 w Himalaje, wcieli\u0107 si\u0119 w kierowc\u0119 rajdowego i wygra\u0107 wy\u015bcig samochodowy.<br \/>\nWirtualna rzeczywisto\u015b\u0107 rozgrzewa umys\u0142y jej uczestnik\u00f3w na ca\u0142ym \u015bwiecie.<\/p>\n<p style=\"text-align: center;\">Wszyscy marz\u0105 o tym, aby nie ogl\u0105da\u0107 gier na ekranie monitora lub telewizora, a poczu\u0107 si\u0119 zupe\u0142nie tak, jakby byli w samym centrum wydarze\u0144. Jest to mo\u017cliwe w\u0142a\u015bnie dzi\u0119ki wirtualnej rzeczywisto\u015bci oraz technologii w niej zastosowanej.<\/p>\n<\/div><\/div>[\/vc_column_inner][\/vc_row_inner][\/vc_column][\/vc_row][vc_row row_type=&#8221;sec2&#8243; xen_background_image=&#8221;773&#8243; enable_container_back_img=&#8221;st3&#8243; sec_text_color_opt=&#8221;text-color-4&#8243; row_padding_top=&#8221;no-padding-top&#8221; row_padding_bottom=&#8221;no-padding-bottom&#8221;][vc_column]<a href=\"\/\/\/www.youtube.com\/watch?v=3CECM0Zv6b8\" class=\"video-play-button popup-youtube pointer-large no-animation\">\n\t\t\t\t\t<span><\/span>\n\t\t\t\t<\/a>[\/vc_column][\/vc_row]\n<\/section>","protected":false},"excerpt":{"rendered":"<p>[vc_row enable_container=&#8221;st2&#8243; enable_full_height_sec=&#8221;st2&#8243; section_back_opt=&#8221;dark-bg-1&#8243; sec_text_color_opt=&#8221;text-color-5&#8243;][vc_column][vc_row_inner][vc_column_inner][wr_vc_titles title_style=&#8221;large-title&#8221; padding_bottom=&#8221;bottom-padding-30&#8243;][wr_vc_title title=&#8221;Witamy w \u015bwiecie Disco :VR&#8221; animation_delay=&#8221;01&#8243;][\/wr_vc_titles][wr_vc_titles padding_bottom=&#8221;bottom-padding-30&#8243;][wr_vc_title title=&#8221;Informacje og\u00f3lne&#8221; animation_delay=&#8221;01&#8243;][\/wr_vc_titles][\/vc_column_inner][\/vc_row_inner][vc_row_inner][vc_column_inner][\/vc_column_inner][\/vc_row_inner][\/vc_column][\/vc_row][vc_row row_type=&#8221;sec2&#8243; xen_background_image=&#8221;773&#8243; enable_container_back_img=&#8221;st3&#8243; sec_text_color_opt=&#8221;text-color-4&#8243; row_padding_top=&#8221;no-padding-top&#8221;&#8230;<\/p>\n","protected":false},"author":1,"featured_media":636,"parent":0,"menu_order":0,"comment_status":"closed","ping_status":"closed","template":"","meta":{"footnotes":""},"class_list":["post-767","page","type-page","status-publish","has-post-thumbnail","hentry"],"_links":{"self":[{"href":"https:\/\/lasergame.com.pl\/lasergame_nowa_strona\/wp-json\/wp\/v2\/pages\/767","targetHints":{"allow":["GET"]}}],"collection":[{"href":"https:\/\/lasergame.com.pl\/lasergame_nowa_strona\/wp-json\/wp\/v2\/pages"}],"about":[{"href":"https:\/\/lasergame.com.pl\/lasergame_nowa_strona\/wp-json\/wp\/v2\/types\/page"}],"author":[{"embeddable":true,"href":"https:\/\/lasergame.com.pl\/lasergame_nowa_strona\/wp-json\/wp\/v2\/users\/1"}],"replies":[{"embeddable":true,"href":"https:\/\/lasergame.com.pl\/lasergame_nowa_strona\/wp-json\/wp\/v2\/comments?post=767"}],"version-history":[{"count":3,"href":"https:\/\/lasergame.com.pl\/lasergame_nowa_strona\/wp-json\/wp\/v2\/pages\/767\/revisions"}],"predecessor-version":[{"id":774,"href":"https:\/\/lasergame.com.pl\/lasergame_nowa_strona\/wp-json\/wp\/v2\/pages\/767\/revisions\/774"}],"wp:featuredmedia":[{"embeddable":true,"href":"https:\/\/lasergame.com.pl\/lasergame_nowa_strona\/wp-json\/wp\/v2\/media\/636"}],"wp:attachment":[{"href":"https:\/\/lasergame.com.pl\/lasergame_nowa_strona\/wp-json\/wp\/v2\/media?parent=767"}],"curies":[{"name":"wp","href":"https:\/\/api.w.org\/{rel}","templated":true}]}}