{"id":700,"date":"2023-05-03T08:43:40","date_gmt":"2023-05-03T06:43:40","guid":{"rendered":"https:\/\/rajurwisa.nazwa.pl\/lasergame\/lasergame_nowa_strona\/?page_id=700"},"modified":"2025-09-05T16:45:18","modified_gmt":"2025-09-05T14:45:18","slug":"urodziny","status":"publish","type":"page","link":"https:\/\/lasergame.com.pl\/lasergame_nowa_strona\/urodziny\/","title":{"rendered":"Urodziny"},"content":{"rendered":"<section class=\"wpb-content-wrapper\">[vc_row enable_container=&#8221;st2&#8243; enable_full_height_sec=&#8221;st2&#8243; section_back_opt=&#8221;dark-bg-1&#8243; sec_text_color_opt=&#8221;text-color-5&#8243;][vc_column][vc_row_inner][vc_column_inner][wr_vc_titles title_style=&#8221;large-title&#8221; padding_bottom=&#8221;bottom-padding-0&#8243;][wr_vc_title title=&#8221;Urodziny&#8221; animation_delay=&#8221;01&#8243;][\/wr_vc_titles][\/vc_column_inner][\/vc_row_inner][vc_row_inner][vc_column_inner][wr_vc_titles padding_bottom=&#8221;bottom-padding-0&#8243;][wr_vc_title title=&#8221;w LASER GAME&#8221; animation_delay=&#8221;01&#8243;][\/wr_vc_titles][\/vc_column_inner][\/vc_row_inner][vc_row_inner][vc_column_inner]<div data-animation-container><div data-animation-child class=\"p-style-medium text-color-5 text-center xen-textblock pull-left fade-anim-box tr-delay02\" data-animation=\"fade-anim\">\n<p align=\"center\">To dwugodzinna impreza, podczas kt\u00f3rej uczestnicy mog\u0105 rozgrywa\u0107 r\u00f3\u017cne scenariusze gier.<\/p>\n<p align=\"center\">W tym czasie graj\u0105 oko\u0142o 3-4 gry w zale\u017cno\u015bci od rodzaj\u00f3w scenariusz\u00f3w jakie wybior\u0105.<\/p>\n<p align=\"center\">Imprez\u0119 prowadzi instruktor\/animator, w trakcie zabawy w naszej salce odpoczynku jest przerwa na pocz\u0119stunek (napoje, s\u0142odycze, chipsy). Solenizant otrzymuje zaproszenia dla swoich go\u015bci.<\/p>\n<\/div><\/div>[\/vc_column_inner][\/vc_row_inner][vc_row_inner][vc_column_inner][wr_vc_titles title_style=&#8221;medium-title&#8221; padding_bottom=&#8221;bottom-padding-10&#8243;][wr_vc_title title=&#8221;Op\u0142ata rezerwacyjna&#8221; animation_delay=&#8221;01&#8243;][\/wr_vc_titles]<div data-animation-container><div data-animation-child class=\"p-style-medium text-color-5 text-center xen-textblock pull-left fade-anim-box tr-delay02\" data-animation=\"fade-anim\">\n<p align=\"center\">Op\u0142ata &#8211; 100 z\u0142 . &#8211; p\u0142atna minimum 7 dni przed imprez\u0105<\/p>\n<p align=\"center\">(Uwaga &#8211; op\u0142ata jest zwracana w przypadku rezygnacji oraz jest wliczana w koszt urodzin!!!)<\/p>\n<\/div><\/div>[\/vc_column_inner][\/vc_row_inner][\/vc_column][\/vc_row]\n<\/section>","protected":false},"excerpt":{"rendered":"<p>[vc_row enable_container=&#8221;st2&#8243; enable_full_height_sec=&#8221;st2&#8243; section_back_opt=&#8221;dark-bg-1&#8243; sec_text_color_opt=&#8221;text-color-5&#8243;][vc_column][vc_row_inner][vc_column_inner][wr_vc_titles title_style=&#8221;large-title&#8221; padding_bottom=&#8221;bottom-padding-0&#8243;][wr_vc_title title=&#8221;Urodziny&#8221; animation_delay=&#8221;01&#8243;][\/wr_vc_titles][\/vc_column_inner][\/vc_row_inner][vc_row_inner][vc_column_inner][wr_vc_titles padding_bottom=&#8221;bottom-padding-0&#8243;][wr_vc_title title=&#8221;w LASER GAME&#8221; animation_delay=&#8221;01&#8243;][\/wr_vc_titles][\/vc_column_inner][\/vc_row_inner][vc_row_inner][vc_column_inner][\/vc_column_inner][\/vc_row_inner][vc_row_inner][vc_column_inner][wr_vc_titles title_style=&#8221;medium-title&#8221; padding_bottom=&#8221;bottom-padding-10&#8243;][wr_vc_title title=&#8221;Op\u0142ata rezerwacyjna&#8221; animation_delay=&#8221;01&#8243;][\/wr_vc_titles][\/vc_column_inner][\/vc_row_inner][\/vc_column][\/vc_row]<\/p>\n","protected":false},"author":1,"featured_media":636,"parent":0,"menu_order":0,"comment_status":"closed","ping_status":"closed","template":"","meta":{"footnotes":""},"class_list":["post-700","page","type-page","status-publish","has-post-thumbnail","hentry"],"_links":{"self":[{"href":"https:\/\/lasergame.com.pl\/lasergame_nowa_strona\/wp-json\/wp\/v2\/pages\/700","targetHints":{"allow":["GET"]}}],"collection":[{"href":"https:\/\/lasergame.com.pl\/lasergame_nowa_strona\/wp-json\/wp\/v2\/pages"}],"about":[{"href":"https:\/\/lasergame.com.pl\/lasergame_nowa_strona\/wp-json\/wp\/v2\/types\/page"}],"author":[{"embeddable":true,"href":"https:\/\/lasergame.com.pl\/lasergame_nowa_strona\/wp-json\/wp\/v2\/users\/1"}],"replies":[{"embeddable":true,"href":"https:\/\/lasergame.com.pl\/lasergame_nowa_strona\/wp-json\/wp\/v2\/comments?post=700"}],"version-history":[{"count":17,"href":"https:\/\/lasergame.com.pl\/lasergame_nowa_strona\/wp-json\/wp\/v2\/pages\/700\/revisions"}],"predecessor-version":[{"id":830,"href":"https:\/\/lasergame.com.pl\/lasergame_nowa_strona\/wp-json\/wp\/v2\/pages\/700\/revisions\/830"}],"wp:featuredmedia":[{"embeddable":true,"href":"https:\/\/lasergame.com.pl\/lasergame_nowa_strona\/wp-json\/wp\/v2\/media\/636"}],"wp:attachment":[{"href":"https:\/\/lasergame.com.pl\/lasergame_nowa_strona\/wp-json\/wp\/v2\/media?parent=700"}],"curies":[{"name":"wp","href":"https:\/\/api.w.org\/{rel}","templated":true}]}}