{"id":223,"date":"2020-01-14T17:56:28","date_gmt":"2020-01-14T17:56:28","guid":{"rendered":"http:\/\/webredox.net\/demo\/wp\/xen\/?page_id=223"},"modified":"2025-11-08T22:02:09","modified_gmt":"2025-11-08T21:02:09","slug":"kontakt","status":"publish","type":"page","link":"https:\/\/lasergame.com.pl\/lasergame_nowa_strona\/kontakt\/","title":{"rendered":"Kontakt"},"content":{"rendered":"<section class=\"wpb-content-wrapper\">[vc_row enable_full_height_sec=&#8221;st2&#8243; section_back_opt=&#8221;dark-bg-1&#8243; sec_text_color_opt=&#8221;text-color-4&#8243;][vc_column][vc_row_inner][vc_column_inner width=&#8221;1\/3&#8243;][wr_vc_titleani2s text_align=&#8221;text-left&#8221; text_color=&#8221;text-color-4&#8243; padding_bottom=&#8221;bottom-padding-0&#8243; sub_title=&#8221;Godziny otwarcia&#8221;][wr_vc_titleani2 title=&#8221;Pon &#8211; Pt: 13 &#8211; 20&#8243; animation_delay=&#8221;02&#8243;][wr_vc_titleani2 title=&#8221;Sobota: 10 &#8211; 20&#8243; animation_delay=&#8221;03&#8243;][wr_vc_titleani2 title=&#8221;Niedziela: Nieczynne&#8221; animation_delay=&#8221;04&#8243;][\/wr_vc_titleani2s][\/vc_column_inner][vc_column_inner width=&#8221;1\/3&#8243;][wr_vc_titleani2s text_align=&#8221;text-left&#8221; text_color=&#8221;text-color-4&#8243; padding_bottom=&#8221;bottom-padding-0&#8243; sub_title=&#8221;Lokalizacja&#8221;][wr_vc_titleani2 title=&#8221;25-406 Kielce&#8221; animation_delay=&#8221;01&#8243;][wr_vc_titleani2 title=&#8221;\u015awi\u0119tokrzyska 20&#8243; animation_delay=&#8221;02&#8243;][wr_vc_titleani2 title=&#8221;Galeria Echo poziom +2&#8243; animation_delay=&#8221;02&#8243;][\/wr_vc_titleani2s]<div class=\"text-left\" data-animation-container ><h6 data-animation-child class=\"flip-btn-box fade-anim-box tr-delay04\" data-animation=\"fade-anim\"><a href=\"https:\/\/maps.app.goo.gl\/xcjarydEuPrEd3Fs5\" target=\"_self\"class=\"flip-btn pointer-large\" data-text=\"Otw\u00f3rz w Google Maps\">Otw\u00f3rz w Google Maps<\/a><\/h6><\/div>[\/vc_column_inner][vc_column_inner width=&#8221;1\/3&#8243;][wr_vc_titleani2s text_align=&#8221;text-left&#8221; text_color=&#8221;text-color-4&#8243; padding_bottom=&#8221;bottom-padding-0&#8243; sub_title=&#8221;Zadzwo\u0144, napisz, um\u00f3w si\u0119&#8221;][wr_vc_titleani2 title=&#8221;662-687-719&#8243; animation_delay=&#8221;02&#8243;][wr_vc_titleani2 title=&#8221;biuro.lasergame@gmail.com&#8221; animation_delay=&#8221;02&#8243;][\/wr_vc_titleani2s][\/vc_column_inner][\/vc_row_inner][vc_row_inner][vc_column_inner][vc_empty_space height=&#8221;90px&#8221;][\/vc_column_inner][\/vc_row_inner][\/vc_column][\/vc_row]\n<\/section>","protected":false},"excerpt":{"rendered":"<p>[vc_row enable_full_height_sec=&#8221;st2&#8243; section_back_opt=&#8221;dark-bg-1&#8243; sec_text_color_opt=&#8221;text-color-4&#8243;][vc_column][vc_row_inner][vc_column_inner width=&#8221;1\/3&#8243;][wr_vc_titleani2s text_align=&#8221;text-left&#8221; text_color=&#8221;text-color-4&#8243; padding_bottom=&#8221;bottom-padding-0&#8243; sub_title=&#8221;Godziny otwarcia&#8221;][wr_vc_titleani2 title=&#8221;Pon &#8211; Pt: 13 &#8211; 20&#8243; animation_delay=&#8221;02&#8243;][wr_vc_titleani2 title=&#8221;Sobota: 10 &#8211; 20&#8243; animation_delay=&#8221;03&#8243;][wr_vc_titleani2&#8230;<\/p>\n","protected":false},"author":1,"featured_media":636,"parent":0,"menu_order":0,"comment_status":"closed","ping_status":"closed","template":"","meta":{"footnotes":""},"class_list":["post-223","page","type-page","status-publish","has-post-thumbnail","hentry"],"_links":{"self":[{"href":"https:\/\/lasergame.com.pl\/lasergame_nowa_strona\/wp-json\/wp\/v2\/pages\/223","targetHints":{"allow":["GET"]}}],"collection":[{"href":"https:\/\/lasergame.com.pl\/lasergame_nowa_strona\/wp-json\/wp\/v2\/pages"}],"about":[{"href":"https:\/\/lasergame.com.pl\/lasergame_nowa_strona\/wp-json\/wp\/v2\/types\/page"}],"author":[{"embeddable":true,"href":"https:\/\/lasergame.com.pl\/lasergame_nowa_strona\/wp-json\/wp\/v2\/users\/1"}],"replies":[{"embeddable":true,"href":"https:\/\/lasergame.com.pl\/lasergame_nowa_strona\/wp-json\/wp\/v2\/comments?post=223"}],"version-history":[{"count":24,"href":"https:\/\/lasergame.com.pl\/lasergame_nowa_strona\/wp-json\/wp\/v2\/pages\/223\/revisions"}],"predecessor-version":[{"id":841,"href":"https:\/\/lasergame.com.pl\/lasergame_nowa_strona\/wp-json\/wp\/v2\/pages\/223\/revisions\/841"}],"wp:featuredmedia":[{"embeddable":true,"href":"https:\/\/lasergame.com.pl\/lasergame_nowa_strona\/wp-json\/wp\/v2\/media\/636"}],"wp:attachment":[{"href":"https:\/\/lasergame.com.pl\/lasergame_nowa_strona\/wp-json\/wp\/v2\/media?parent=223"}],"curies":[{"name":"wp","href":"https:\/\/api.w.org\/{rel}","templated":true}]}}